e b(y).
-3
Suppose r - 71 = 4*z, 5*r = -19*z + 22*z + 32. Let l(k) = -2*k - 36. What is l(z)?
2
Let s(h) = -11*h**3 + h**2 - 1. Let l(n) = -n - 9. Let o be l(-14). Suppose a - z = -2*a - 2, o*a + 3 = 2*z. Give s(a).
11
Let m(f) = -f**2 - 9*f + 2. Let i = 10 + -310. Let t be ((-6)/(-4))/(45/i). What is m(t)?
-8
Suppose -2*u = 3*u + 30. Let p(z) be the first derivative of -z**4/4 - 2*z**3 + z**2/2 + z - 28. Determine p(u).
-5
Let g = -2 - -1. Let r(j) = 1003*j - 1003*j + j**2 + 0 + 4. Let k(a) = 1. Let o(t) = -3*k(t) + r(t). Determine o(g).
2
Let w(u) = -7*u**3 + 3*u**2 - 3*u - 1. Let t(k) = 14*k**3 - 5*k**2 + 5*k + 2. Let s(q) = 3*t(q) + 5*w(q). Determine s(-1).
-6
Let j = -135 + 152. Let o(x) = x**2 - 18*x + 10. Calculate o(j).
-7
Suppose 0 = -5*n - 4*t + t + 26, -16 = -2*n - 4*t. Let x(d) = 5*d**2 - 3*d + 5. Let z(f) = -18*f**2 + 10*f - 15. Let w(u) = -7*x(u) - 2*z(u). Calculate w(n).
15
Let r(b) = -53*b. Let w = -1729 - -1728. Determine r(w).
53
Let r(v) = -5*v - 1. Let w be (5 - 1)*(-4)/8. What is r(w)?
9
Let z(m) = 2*m + 3. Let c(w) = -16*w + 3. Let r be c(2). Let b(x) = 6*x**2 - 3*x - 5. Let f be b(-2). Let p = r + f. Give z(p).
-5
Let u(n) = -9*n**2 + 2*n**3 - 2 + 11*n - 19*n**3 + 6*n**3 + 10*n**3. Give u(-10).
-12
Let m(y) = y**2 - 2*y + 1. Suppose -16*n + 9 = -7*n. Give m(n).
0
Let j(m) = m**3 + 3*m**2 - 4*m - 2. Suppose -75*d + 70*d - 20 = 0. Calculate j(d).
-2
Let j = 9 - 6. Let z(q) be the second derivative of -q**5/20 + q**4/4 - 16*q + 2. Calculate z(j).
0
Let b(v) be the first derivative of 3*v**2/2 - 3*v - 373. Calculate b(1).
0
Let k be 2/(-7) - 48/(-21). Let l(n) = -n**k + 4*n - 3 + 0*n**2 + 7. Determine l(4).
4
Suppose -4*g - 6 = -2*q - 74, g - 3*q - 12 = 0. Let n = g - 10. Let y(k) = -k**2 + 7*k + 6. What is y(n)?
-2
Let v(t) = 13*t + 1. Suppose 55 = 2*c + 151. Let m be c/18 + 2 + (-1)/3. Determine v(m).
-12
Let h be (-1088)/(-176) + 4/(-22). Let v(i) = -3*i + 5 - h*i + 7*i. Let w = 16 - 11. Give v(w).
-5
Let h(q) be the first derivative of q**2 + 8*q + 46. Determine h(7).
22
Let q = -9 + 29. Let j(h) = -h**3 + q*h - 17*h - 3 + 1 - 3*h**2. What is j(-3)?
-11
Let y(d) = -d**2 + 8*d + 9. Let r(k) = -k**2 - 34*k + 160. Let f be r(-38). Calculate y(f).
9
Let z(i) = 178*i - 371*i + i**2 - 9 + 183*i. Determine z(10).
-9
Let q(z) = 8*z - 11. Let o be q(4). Let m(y) = -2*y - 15 + o - 5. Give m(-3).
7
Let y(i) = i**3 + i**2 - 8. Suppose 5*g = -2*z + 6*g, z = 4*g. Calculate y(z).
-8
Let f(u) be the third derivative of -u**6/120 - u**5/10 - u**4/4 - 2*u**3/3 + u**2 + 75*u. Give f(-5).
1
Let q(k) = 0*k**2 + 5 + 2 - 4 + 4*k**2 - k**3. Let y(o) = 2*o**2 - 5*o + 1. Let p be y(3). Determine q(p).
3
Suppose 0 = 2*s + 8. Let b(m) be the first derivative of m**4/6 - 17*m**2/2 + 13. Let f(c) be the second derivative of b(c). Calculate f(s).
-16
Let l(k) = k - 4*k - 4*k - 2 + 4*k. Let y be (-2)/(-5) - 78/(-30). Let w(v) = 4*v + 2. Let j(s) = y*l(s) + 2*w(s). Give j(-4).
2
Let p be ((0/2)/3)/(-1). Suppose -2*q + 4*i = -0*i + 14, p = -4*q - 4*i + 32. Suppose -12 = -q*f - 6. Let d(g) = -g**3 + 5*g**2 - 3*g + 1. Calculate d(f).
7
Let o(k) = 41 - 14*k + 3*k**3 - 10672*k**2 + 10688*k**2 - 2*k**3. Calculate o(-17).
-10
Let h(i) = -i**2 + 14*i - 1. Let f(k) = -k**3 + 15*k**2 - 56*k + 30. Let n be f(9). Calculate h(n).
23
Let k(g) = -g**3 + 7*g**2 - 4*g - 4. Suppose 108*c - 119*c + 55 = 0. Give k(c).
26
Let f be (-4)/(-2)*(1 + 1). Let w(z) be the first derivative of -z**4/4 + 5*z**3/3 - 2*z**2 + 6*z - 41. Calculate w(f).
6
Let u(t) = t**3 - 6*t**2 + 8. Suppose 323*f - 331*f + 48 = 0. What is u(f)?
8
Let i(y) = 237*y**2 + 220*y**2 - y**3 - 16*y - 441*y**2 + 19. Give i(15).
4
Let s(b) be the third derivative of -b**5/60 + b**4/8 + b**3/2 - 306*b**2. Determine s(-1).
-1
Let l(w) = 2*w - 1. Let g(o) = -o**2 - 10*o + 2. Let h(j) = g(j) + 5*l(j). Suppose 3*q = 3*f, 5*f - 5*q = 2*f + 6. Calculate h(f).
-12
Let k be (-7)/6*(-816)/714. Let l(n) be the first derivative of 7 - n**2 + k*n**3 + 1/4*n**4 - 2*n. Give l(-4).
6
Let z be (-2 - 8)*159/(-265). Let y(p) be the third derivative of -p**6/120 + 7*p**5/60 - 5*p**4/12 + p**3 + p**2. Determine y(z).
-18
Let a(z) = -9*z**2 + 1. Suppose 0 = -3*g - 4 - 14. Let u be -2 + 2 + -2 - g. Suppose k + u = 5*k. Calculate a(k).
-8
Let j(p) = 7*p**2 - 247*p + 87. Let h be j(35). Let n(r) = -r**2 + 15*r + 40. Calculate n(h).
6
Let l(d) be the third derivative of d**9/30240 + d**8/10080 + 23*d**5/60 + 27*d**2. Let g(c) be the third derivative of l(c). Give g(-2).
-8
Let o(l) be the first derivative of 28*l**3/3 + l + 396. Calculate o(1).
29
Let x be (-14)/(-3)*((-345)/(-30) - 10). Let q(i) = i**3 - 6*i**2 - 4*i + 7. Determine q(x).
28
Let j(u) = 2*u**2 + 3*u + 5. Suppose -51 = 36*q + 21. Give j(q).
7
Let w(l) = -l**3 - l**2 + l + 16. Let z = -727 - -727. Calculate w(z).
16
Let t be (-336)/(-40) - 4/10. Suppose -t*h + 12*h - 4 = 0. Let k(m) = m**2 + m - 1. Calculate k(h).
1
Let c(k) = -5 - 3*k**2 + 2*k + 0*k + 4. Suppose 9 = g - 2*d, -g - 5*d = 22 - 3. Give c(g).
-2
Let h(a) = 3*a + 4. Let k(v) = -4*v - 23. Let i be k(-5). What is h(i)?
-5
Let t(c) = 4*c**3 + 3*c**2 - 3. Let y(g) = 4*g**3 + 4*g**2 - 4. Let o(f) = -3*t(f) + 2*y(f). What is o(-1)?
4
Let w(n) = -n**3 + 6*n**2 + 3*n - 6. Let x(o) = -o**2 - 4*o + 51. Let r be x(-9). What is w(r)?
12
Let b(x) be the second derivative of 0 + 1/3*x**3 + 1/2*x**2 + 24*x. Calculate b(6).
13
Let o(h) = -h**3 - 6*h**2 - 7*h - 4. Suppose -96 = -4*r - 5*q, 4*r - 5*q - 40 - 16 = 0. Suppose -5*g = -g - 20, n = 3*g - r. Give o(n).
-8
Let q(b) = 4*b + 7. Let t(a) = -5*a - 7. Let y be ((-240)/(-18))/(1/9). Let o be ((-1)/3)/(8/y). Let x(z) = o*t(z) - 6*q(z). Give x(7).
0
Let w(z) be the first derivative of z**4/4 + 4*z**3/3 + 3*z**2/2 + z + 5. Give w(-2).
3
Suppose 0*j - m = j, 3*j - 3 = -2*m. Let o(s) = 21*s - j*s**3 + 5*s**2 - 17*s - 4 + 2*s**3. Suppose -3*w - 9 + 23 = -c, -12 = -3*w + 3*c. Calculate o(w).
16
Let i(f) = -21*f**3 + f**2 - f + 3*f**3 + 123 - 124. What is i(-1)?
19
Let o(r) be the first derivative of 3*r**2/2 - 6*r - 30. Suppose 26 = 4*s + 2*x, -x = -s + 3*x + 2. Determine o(s).
12
Let l(q) be the first derivative of q**3/3 - 3*q**2/2 - 23*q - 127. Calculate l(7).
5
Suppose 3*j - j = 4*g + 38, 64 = 4*j - 5*g. Suppose y = 2*n - j + 5, -4*y - 8 = 0. Let t(f) = -2 + n + f + f. What is t(5)?
10
Let w(p) = -2*p + 2. Let y be (1 + 49/14)/((-1)/(-8)). Suppose -y = -5*r - 26. What is w(r)?
-2
Let c(r) be the first derivative of r**2 - 7*r - 2. Let l be ((-20)/60)/(1*1/15). Calculate c(l).
-17
Let h(b) = -33*b + 34. Let u be h(1). Let q(o) = o**2 + 2*o - 1. Give q(u).
2
Let h(a) = 0*a + 2 - 4*a + 0*a - 2*a. Let g(w) = 3*w**3 + 13*w**2 + 4*w - 2. Let y be g(-4). Give h(y).
14
Let u(c) = 5*c**3 - 33*c**2 - 3*c - 5. Let i(n) = -3*n**3 + 19*n**2 + 2*n + 3. Let w(z) = -7*i(z) - 4*u(z). What is w(-1)?
-1
Suppose 0 = -l - 3*g - 13 + 1, 0 = -g - 4. Suppose 4*v - 5*q + 2 = l, -4*q - 8 - 3 = v. Let j(o) = 3*o. Determine j(v).
-9
Let i(c) = c**3 - 6*c**2 - 7*c + 5. Suppose -3*l - 3 = -24. Let m be i(l). Let q(j) = -1 - 2*j - j + j + m*j. Determine q(1).
2
Let g(x) = -x**3 - 8*x - 6*x + 12*x**2 + 0*x**3 - 10120 + 10136. Calculate g(11).
-17
Let u(n) = -n**2 - 15*n - 21. Suppose i + 5*r + 26 + 8 = 0, 4*i = 5*r - 36. Determine u(i).
-7
Suppose -n + u - 5*u + 19 = 0, 3*n + 2*u = 37. Suppose l = -2*g + n, -g + 8 = -2*l + g. Let m(y) = -y**2 - 1. Give m(l).
-2
Let v(h) be the second derivative of 3*h**5/20 - h**4/12 - h**3/2 - 3*h**2/2 + 3*h - 16. Determine v(-2).
-25
Let h(l) = 6*l**2 - 2*l - 2. Let w(t) be the first derivative of -t**4/4 + 5*t**3/3 - 2*t**2 - 2*t + 10. Let x be w(4). Calculate h(x).
26
Let w = -39 - -35. Let x(j) be the first derivative of -j**3/3 - 5*j**2/2 + j + 9. Give x(w).
5
Suppose -13*k = k - 28. Let j(a) be the first derivative of a + 1 - 5/2*a**k. Give j(1).
-4
Let o(k) = k**2 + 272*k + 1853. Let n be o(-7). Let l(h) be the third derivative of h**4/24 - h**2. Determine l(n).
-2
Let y(v) = -v**2 + 10*v + 22. Let h be -16*(-4)/6 - 136/(-102). Let r be y(h). Let c(x) = x - 2. Determine c(r).
-4
Let j(f) be the third derivative of -f**4/4 + f**3/3 + f**2. Suppose 365*a - 9 = 362*a. Calculate j(a).
-16
Suppose 2*s + s = 12. Suppose -3*o - 5*y + 13 = -4*o, 5*o = s*y - 2. Let h(f) = 2